
Calculate the remainder when 1009 is divided by 5.
4
What is the remainder when 797 is divided by 135?
122
What is the remainder when 5165 is divided by 152?
149
Calculate the remainder when 3275 is divided by 38.
7
What is the remainder when 239 is divided by 16?
15
What is the remainder when 56 is divided by 29?
27
What is the remainder when 12797 is divided by 32?
29
Calculate the remainder when 767 is divided by 98.
81
What is the remainder when 591 is divided by 5?
1
What is the remainder when 281 is divided by 60?
41
Calculate the remainder when 182 is divided by 134.
48
What is the remainder when 433 is divided by 261?
172
Calculate the remainder when 317 is divided by 35.
2
Calculate the remainder when 40 is divided by 16.
8
What is the remainder when 17219 is divided by 17?
15
Calculate the remainder when 51 is divided by 4.
3
Calculate the remainder when 615 is divided by 296.
23
Calculate the remainder when 313 is divided by 32.
25
What is the remainder when 347 is divided by 17?
7
Calculate the remainder when 475 is divided by 234.
7
What is the remainder when 250 is divided by 85?
80
What is the remainder when 314 is divided by 162?
152
What is the remainder when 111 is divided by 23?
19
What is the remainder when 9084 is divided by 115?
114
Calculate the remainder when 197 is divided by 7.
1
What is the remainder when 599 is divided by 11?
5
Calculate the remainder when 1041 is divided by 510.
21
Calculate the remainder when 118 is divided by 99.
19
What is the remainder when 3317 is divided by 20?
17
Calculate the remainder when 527 is divided by 5.
2
Calculate the remainder when 358 is divided by 37.
25
Calculate the remainder when 38 is divided by 5.
3
What is the remainder when 10442 is divided by 337?
332
Calculate the remainder when 171 is divided by 58.
55
Calculate the remainder when 563 is divided by 52.
43
What is the remainder when 411 is divided by 83?
79
What is the remainder when 12076 is divided by 18?
16
Calculate the remainder when 368 is divided by 101.
65
What is the remainder when 303 is divided by 22?
17
What is the remainder when 22 is divided by 10?
2
What is the remainder when 191 is divided by 56?
23
Calculate the remainder when 72 is divided by 7.
2
What is the remainder when 90 is divided by 46?
44
What is the remainder when 1109 is divided by 84?
17
Calculate the remainder when 175 is divided by 54.
13
What is the remainder when 107 is divided by 44?
19
What is the remainder when 253 is divided by 3?
1
Calculate the remainder when 461 is divided by 29.
26
Calculate the remainder when 4216 is divided by 201.
196
What is the remainder when 1017 is divided by 30?
27
Calculate the remainder when 6082 is divided by 9.
7
Calculate the remainder when 411 is divided by 39.
21
What is the remainder when 25 is divided by 18?
7
Calculate the remainder when 2695 is divided by 87.
85
Calculate the remainder when 365 is divided by 86.
21
What is the remainder when 532 is divided by 97?
47
What is the remainder when 65 is divided by 17?
14
Calculate the remainder when 386 is divided by 26.
22
What is the remainder when 382 is divided by 134?
114
Calculate the remainder when 257 is divided by 44.
37
What is the remainder when 705 is divided by 71?
66
Calculate the remainder when 130 is divided by 14.
4
Calculate the remainder when 69 is divided by 22.
3
Calculate the remainder when 1374 is divided by 456.
6
What is the remainder when 1393 is divided by 155?
153
What is the remainder when 254 is divided by 72?
38
Calculate the remainder when 225 is divided by 21.
15
Calculate the remainder when 113 is divided by 66.
47
Calculate the remainder when 44 is divided by 16.
12
What is the remainder when 209 is divided by 24?
17
What is the remainder when 1780 is divided by 38?
32
What is the remainder when 1424 is divided by 204?
200
What is the remainder when 399 is divided by 97?
11
Calculate the remainder when 1274 is divided by 126.
14
Calculate the remainder when 3121 is divided by 22.
19
Calculate the remainder when 2008 is divided by 33.
28
Calculate the remainder when 420 is divided by 113.
81
What is the remainder when 6997 is divided by 3494?
9
What is the remainder when 707 is divided by 59?
58
What is the remainder when 395 is divided by 40?
35
Calculate the remainder when 844 is divided by 39.
25
Calculate the remainder when 2344 is divided by 196.
188
What is the remainder when 2267 is divided by 81?
80
Calculate the remainder when 24 is divided by 10.
4
Calculate the remainder when 91 is divided by 4.
3
What is the remainder when 710 is divided by 176?
6
What is the remainder when 177 is divided by 12?
9
Calculate the remainder when 139 is divided by 14.
13
What is the remainder when 322 is divided by 171?
151
Calculate the remainder when 46 is divided by 25.
21
Calculate the remainder when 28821 is divided by 24.
21
Calculate the remainder when 869 is divided by 116.
57
Calculate the remainder when 3954 is divided by 3.
0
What is the remainder when 4900 is divided by 1627?
19
What is the remainder when 668 is divided by 118?
78
What is the remainder when 2345 is divided by 264?
233
What is the remainder when 50 is divided by 33?
17
Calculate the remainder when 2998 is divided by 120.
118
What is the remainder when 234 is divided by 119?
115
Calculate the remainder when 4284 is divided by 1425.
9
What is the remainder when 15484 is divided by 32?
28
Calculate the remainder when 383 is divided by 98.
89
Calculate the remainder when 13235 is divided by 61.
59
Calculate the remainder when 732 is divided by 40.
12
Calculate the remainder when 155 is divided by 37.
7
Calculate the remainder when 5783 is divided by 12.
11
Calculate the remainder when 62 is divided by 3.
2
What is the remainder when 1386 is divided by 153?
9
Calculate the remainder when 588 is divided by 27.
21
What is the remainder when 372 is divided by 38?
30
Calculate the remainder when 500 is divided by 57.
44
What is the remainder when 895 is divided by 69?
67
Calculate the remainder when 743 is divided by 31.
30
What is the remainder when 396 is divided by 178?
40
What is the remainder when 2778 is divided by 27?
24
What is the remainder when 178 is divided by 178?
0
Calculate the remainder when 98 is divided by 8.
2
Calculate the remainder when 51 is divided by 12.
3
What is the remainder when 1873 is divided by 464?
17
What is the remainder when 41 is divided by 15?
11
Calculate the remainder when 2059 is divided by 512.
11
What is the remainder when 72 is divided by 29?
14
Calculate the remainder when 5885 is divided by 2937.
11
Calculate the remainder when 203 is divided by 43.
31
Calculate the remainder when 1486 is divided by 4.
2
Calculate the remainder when 1724 is divided by 32.
28
What is the remainder when 250 is divided by 60?
10
Calculate the remainder when 541 is divided by 8.
5
What is the remainder when 562 is divided by 114?
106
What is the remainder when 1759 is divided by 32?
31
What is the remainder when 5279 is divided by 19?
16
What is the remainder when 597 is divided by 87?
75
What is the remainder when 634 is divided by 48?
10
Calculate the remainder when 465 is divided by 274.
191
What is the remainder when 186 is divided by 181?
5
Calculate the remainder when 52 is divided by 14.
10
Calculate the remainder when 1442 is divided by 5.
2
Calculate the remainder when 87 is divided by 6.
3
Calculate the remainder when 50 is divided by 49.
1
Calculate the remainder when 669 is divided by 32.
29
What is the remainder when 6039 is divided by 57?
54
What is the remainder when 59 is divided by 21?
17
What is the remainder when 717 is divided by 19?
14
What is the remainder when 78 is divided by 16?
14
What is the remainder when 173 is divided by 126?
47
Calculate the remainder when 317 is divided by 16.
13
What is the remainder when 1355 is divided by 23?
21
Calculate the remainder when 205 is divided by 30.
25
Calculate the remainder when 832 is divided by 57.
34
What is the remainder when 175 is divided by 53?
16
Calculate the remainder when 46 is divided by 7.
4
What is the remainder when 838 is divided by 29?
26
What is the remainder when 2479 is divided by 85?
14
Calculate the remainder when 417 is divided by 38.
37